?
False
Does 70 divide 350?
True
Does 80 divide 3993?
False
Is 16878 a multiple of 97?
True
Does 143 divide 3146?
True
Does 32 divide 384?
True
Does 15 divide 2037?
False
Is 439 a multiple of 54?
False
Does 84 divide 2268?
True
Is 18000 a multiple of 125?
True
Is 4518 a multiple of 10?
False
Is 20 a factor of 1987?
False
Is 32 a factor of 24139?
False
Does 65 divide 1950?
True
Does 15 divide 2621?
False
Does 14 divide 1359?
False
Is 4560 a multiple of 38?
True
Is 3172 a multiple of 13?
True
Is 43 a factor of 1954?
False
Does 13 divide 111?
False
Does 27 divide 2241?
True
Is 39 a factor of 19513?
False
Does 107 divide 1728?
False
Is 156 a factor of 22501?
False
Is 7649 a multiple of 11?
False
Is 140 a factor of 9660?
True
Is 1299 a multiple of 104?
False
Does 28 divide 504?
True
Does 245 divide 23030?
True
Is 11 a factor of 2354?
True
Is 11025 a multiple of 63?
True
Is 100272 a multiple of 50?
False
Is 21 a factor of 911?
False
Does 88 divide 11440?
True
Is 936 a multiple of 7?
False
Does 9 divide 500?
False
Is 29 a factor of 696?
True
Does 170 divide 115090?
True
Is 48 a multiple of 6?
True
Is 2415 a multiple of 5?
True
Is 410 a multiple of 5?
True
Does 6 divide 344?
False
Does 15 divide 5250?
True
Does 15 divide 6285?
True
Is 25 a factor of 1469?
False
Is 141 a factor of 5076?
True
Is 173 a multiple of 2?
False
Does 23 divide 1165?
False
Does 19 divide 931?
True
Is 35 a factor of 1855?
True
Is 10 a factor of 278?
False
Is 23 a factor of 5872?
False
Is 13 a factor of 273?
True
Is 22 a factor of 2816?
True
Does 10 divide 955?
False
Is 1441 a multiple of 38?
False
Is 40048 a multiple of 25?
False
Is 86697 a multiple of 13?
True
Is 42 a factor of 2809?
False
Does 9 divide 14940?
True
Is 16427 a multiple of 3?
False
Is 25182 a multiple of 9?
True
Is 39 a factor of 2457?
True
Does 18 divide 164?
False
Is 432 a multiple of 51?
False
Is 1380 a multiple of 15?
True
Is 20 a factor of 3160?
True
Is 1680 a multiple of 66?
False
Is 11 a factor of 2092?
False
Is 107 a factor of 24717?
True
Does 3 divide 19441?
False
Is 110 a multiple of 11?
True
Does 12 divide 33495?
False
Does 157 divide 36005?
False
Does 31 divide 16027?
True
Does 10 divide 407?
False
Is 19906 a multiple of 38?
False
Is 578 a multiple of 17?
True
Does 84 divide 144917?
False
Is 104 a multiple of 3?
False
Does 48 divide 1728?
True
Is 28 a factor of 1064?
True
Is 241 a factor of 89893?
True
Is 1428 a multiple of 84?
True
Is 978 a multiple of 88?
False
Is 9730 a multiple of 50?
False
Is 16 a multiple of 12?
False
Does 62 divide 4570?
False
Does 8 divide 200?
True
Is 210 a multiple of 4?
False
Is 98 a factor of 19264?
False
Is 14 a factor of 709?
False
Does 19 divide 361?
True
Does 31 divide 12712?
False
Is 95 a factor of 1900?
True
Is 9568 a multiple of 5?
False
Is 268 a factor of 26800?
True
Does 17 divide 434?
False
Does 9 divide 297?
True
Does 6 divide 1704?
True
Is 18 a factor of 16524?
True
Does 6 divide 6193?
False
Does 64 divide 15168?
True
Is 78563 a multiple of 13?
False
Is 220 a multiple of 44?
True
Is 9 a factor of 207?
True
Does 16 divide 14751?
False
Is 7 a multiple of 3?
False
Is 10 a factor of 1630?
True
Does 24 divide 1929?
False
Is 41 a factor of 1678?
False
Is 43 a factor of 8892?
False
Is 41 a factor of 3862?
False
Does 35 divide 1995?
True
Does 7 divide 7969?
False
Is 97720 a multiple of 14?
True
Is 384 a multiple of 12?
True
Is 41 a factor of 301?
False
Does 24 divide 4176?
True
Does 26 divide 12035?
False
Does 63 divide 63?
True
Is 1209 a multiple of 13?
True
Is 7 a factor of 91?
True
Does 119 divide 19296?
False
Is 49 a factor of 2290?
False
Does 5 divide 4418?
False
Does 183 divide 5413?
False
Is 6 a factor of 6602?
False
Is 14 a factor of 420?
True
Is 32 a multiple of 8?
True
Does 12 divide 3264?
True
Is 3696 a multiple of 88?
True
Is 2 a factor of 4004?
True
Is 39 a factor of 1987?
False
Does 8 divide 1045?
False
Is 141168 a multiple of 18?
False
Is 50 a multiple of 3?
False
Does 12 divide 22584?
True
Is 518 a multiple of 37?
True
Is 95 a factor of 38395?
False
Is 17 a factor of 970?
False
Is 45 a factor of 450?
True
Is 8737 a multiple of 59?
False
Does 100 divide 35300?
True
Is 76 a multiple of 14?
False
Is 3871 a multiple of 55?
False
Is 21 a factor of 1449?
True
Is 13790 a multiple of 10?
True
Is 164 a factor of 10496?
True
Is 9 a factor of 3409?
False
Does 133 divide 19984?
False
Is 336 a multiple of 17?
False
Is 90900 a multiple of 24?
False
Is 11 a factor of 1078?
True
Does 13 divide 4732?
True
Is 14680 a multiple of 10?
True
Is 17 a factor of 32388?
False
Is 17859 a multiple of 12?
False
Is 7201 a multiple of 20?
False
Is 4676 a multiple of 93?
False
Is 28 a factor of 2838?
False
Is 80992 a multiple of 193?
False
Is 5710 a multiple of 92?
False
Does 8 divide 1217?
False
Is 23520 a multiple of 56?
True
Is 80 a factor of 1040?
True
Is 74 a multiple of 37?
True
Is 119 a multiple of 17?
True
Does 20 divide 30660?
True
Is 195 a multiple of 5?
True
Is 5149 a multiple of 3?
False
Is 110 a factor of 22220?
True
Does 20 divide 10244?
False
Is 5283 a multiple of 9?
True
Does 46 divide 92?
True
Is 777 a multiple of 2?
False
Does 43 divide 1420?
False
Does 4 divide 376?
True
Is 23 a factor of 1564?
True
Does 68 divide 136?
True
Is 13 a factor of 2470?
True
Is 57 a factor of 1410?
False
Does 6 divide 7121?
False
Is 14404 a multiple of 13?
True
Is 5 a factor of 3820?
True
Is 31 a factor of 4061?
True
Is 99 a factor of 30096?
True
Is 7582 a multiple of 34?
True
Is 4440 a multiple of 30?
True
Does 106 divide 4904?
False
Is 26 a factor of 325?
False
Does 61 divide 4155?
False
Is 4 a factor of 3288?
True
Is 2 a factor of 157?
False
Is 4590 a multiple of 54?
True
Is 168 a factor of 57382?
False
Does 20 divide 370?
False
Is 9 a factor of 5978?
False
Is 38 a factor of 29906?
True
Does 76 divide 532?
True
Does 40 divide 119360?
True
Is 15 a factor of 204210?
True
Is 14 a factor of 460?
False
Is 9 a factor of 306?
True
Does 12 divide 307?
False
Does 157 divide 1256?
True
Is 6522 a multiple of 17?
False
Is 8741 a multiple of 34?
False
Does 58 divide 2268?
False
Is 121 a factor of 2204?
False
Does 109 divide 10900?
True
Is 70 a factor of 5127?
False
Is 10 a factor of 12837?
False
Is 80730 a multiple of 230?
True
Is 15 a factor of 39823?
False
Is 1079 a multiple of 37?
False
Does 81 divide 18468?
True
Is 4159 even?
False
Is 110 a factor of 52800?
True
Is 118 a factor of 21476?
True
Is 9 a factor of 147?
False
Does 33 divide 759?
True
Does 84 divide 152783?
False
Does 9 divide 342?
True
Is 2387 a multiple of 19?
False
Is 2 a factor of 955?
False
Is 106 a multiple of 2?
True
Is 20 a factor of 83740?
True
Is 49 a factor of 874?
False
Does 12 divide 14364?
True
Does 7 divide 30771?
False
Is 14751 a multiple of 34?
False
Is 6 a factor of 936?
True
Does 9 divide 497?
False
Does 6 divide 4024?
False
Does 42 divide 48468?
True
Does 72 divide 1290?
False
Is 277 a multiple of 50?
False
Is 2668 a multiple of 23?
True
Is 10260 a multiple of 26?
False
Does 15 divide 6345?
True
Is 1046 a multiple of 23?
False
Is 19 a factor of 978?
False
Does 12 divide 5718?
False
Is 16 a factor of 128?
True
Is 217 a factor of 26838?
False
Does 54 divide 2214?
True
Is 2161 a multiple of 12?
False
Is 116 a factor of 6676?
False
Is 7 a factor of 12474?
True
Is 36 a factor of 216?
True
Does 41 divide 615?
True
Does 40 divide 4151?
False
Is 27 a multiple of 9?
True
Does 52 divide 2184?
True
Does 16 divide 2596?
False
Is 11830 a multiple of 70?
True
Does 45 divide 9900?
True
Is 6476 a multiple of 26?
False
Is 17 a factor of 1853?
True
Does 28 divide 5796?
True
Is 22 a factor of 47951?
False
Is 4975 a multiple of 43?
False
Is 25 a factor of 1678?
False
Is 49 a factor of 1548?
False
Does 2 divide 5744?
True
Is 276 a factor of 31117?
False
Is 2146 a multiple of 74?
True
Is 663 a multiple of 17?
True
Does 4 divide 471?
False
Does 165 divide 3795?
True
Is 192 a multiple of 96?
True
Is 60 a factor of 2820?
True
Does 42 divide 4697?
False
Is 2 a factor of 62?
True
Is 25 a factor of 11183?
False
Is 31 a factor of 558?
True
Does 33 divide 7821?
True
Is 15982 a multiple of 24?
False
Is 21570 a multiple of 15?
True
Is 676 a multiple of 27?
False
Is 778 a multiple of 13?
False
Does 21 divide 415?
False
Is 5 a factor of 236?
F